[INFO] cloning repository https://github.com/TobiasLino/card
[INFO] running `Command { std: "git" "-c" "credential.helper=" "-c" "credential.helper=/workspace/cargo-home/bin/git-credential-null" "clone" "--bare" "https://github.com/TobiasLino/card" "/workspace/cache/git-repos/https%3A%2F%2Fgithub.com%2FTobiasLino%2Fcard", kill_on_drop: false }`
[INFO] [stderr] Cloning into bare repository '/workspace/cache/git-repos/https%3A%2F%2Fgithub.com%2FTobiasLino%2Fcard'...
[INFO] running `Command { std: "git" "rev-parse" "HEAD", kill_on_drop: false }`
[INFO] [stdout] b4a43ff443fd1525346b211025f7939b8baa07a5
[INFO] building TobiasLino/card against master#ff34b919075f35a1787659e9c448a34b06bab8de for issue-85264
[INFO] running `Command { std: "git" "clone" "/workspace/cache/git-repos/https%3A%2F%2Fgithub.com%2FTobiasLino%2Fcard" "/workspace/builds/worker-5/source", kill_on_drop: false }`
[INFO] [stderr] Cloning into '/workspace/builds/worker-5/source'...
[INFO] [stderr] done.
[INFO] validating manifest of git repo https://github.com/TobiasLino/card on toolchain ff34b919075f35a1787659e9c448a34b06bab8de
[INFO] running `Command { std: "/workspace/cargo-home/bin/cargo" "+ff34b919075f35a1787659e9c448a34b06bab8de" "metadata" "--manifest-path" "Cargo.toml" "--no-deps", kill_on_drop: false }`
[INFO] started tweaking git repo https://github.com/TobiasLino/card
[INFO] finished tweaking git repo https://github.com/TobiasLino/card
[INFO] tweaked toml for git repo https://github.com/TobiasLino/card written to /workspace/builds/worker-5/source/Cargo.toml
[INFO] crate git repo https://github.com/TobiasLino/card already has a lockfile, it will not be regenerated
[INFO] running `Command { std: "/workspace/cargo-home/bin/cargo" "+ff34b919075f35a1787659e9c448a34b06bab8de" "fetch" "--manifest-path" "Cargo.toml", kill_on_drop: false }`
[INFO] [stderr] warning: /workspace/builds/worker-5/source/model/Cargo.toml: unused manifest key: dependencies.rocket_contrib.defaul-features
[INFO] [stderr] warning: /workspace/builds/worker-5/source/Cargo.toml: unused manifest key: dependencies.rocket_contrib.defaul-features
[INFO] [stderr]     Blocking waiting for file lock on package cache
[INFO] [stderr]     Blocking waiting for file lock on package cache
[INFO] running `Command { std: "docker" "create" "-v" "/var/lib/crater-agent-workspace/builds/worker-5/target:/opt/rustwide/target:rw,Z" "-v" "/var/lib/crater-agent-workspace/builds/worker-5/source:/opt/rustwide/workdir:ro,Z" "-v" "/var/lib/crater-agent-workspace/cargo-home:/opt/rustwide/cargo-home:ro,Z" "-v" "/var/lib/crater-agent-workspace/rustup-home:/opt/rustwide/rustup-home:ro,Z" "-e" "SOURCE_DIR=/opt/rustwide/workdir" "-e" "CARGO_TARGET_DIR=/opt/rustwide/target" "-e" "CARGO_HOME=/opt/rustwide/cargo-home" "-e" "RUSTUP_HOME=/opt/rustwide/rustup-home" "-w" "/opt/rustwide/workdir" "-m" "1610612736" "--user" "0:0" "--network" "none" "ghcr.io/rust-lang/crates-build-env/linux@sha256:20528e8c29e4536546f0102ce88568b16ea7538393a33fcca951030f7af10457" "/opt/rustwide/cargo-home/bin/cargo" "+ff34b919075f35a1787659e9c448a34b06bab8de" "metadata" "--no-deps" "--format-version=1", kill_on_drop: false }`
[INFO] [stdout] db67bdb96763603ba5da315bf0cedf9f4e997f7927d7313d039d6ddb66da24db
[INFO] [stderr] WARNING: Your kernel does not support swap limit capabilities or the cgroup is not mounted. Memory limited without swap.
[INFO] running `Command { std: "docker" "start" "-a" "db67bdb96763603ba5da315bf0cedf9f4e997f7927d7313d039d6ddb66da24db", kill_on_drop: false }`
[INFO] running `Command { std: "docker" "inspect" "db67bdb96763603ba5da315bf0cedf9f4e997f7927d7313d039d6ddb66da24db", kill_on_drop: false }`
[INFO] running `Command { std: "docker" "rm" "-f" "db67bdb96763603ba5da315bf0cedf9f4e997f7927d7313d039d6ddb66da24db", kill_on_drop: false }`
[INFO] [stdout] db67bdb96763603ba5da315bf0cedf9f4e997f7927d7313d039d6ddb66da24db
[INFO] running `Command { std: "docker" "create" "-v" "/var/lib/crater-agent-workspace/builds/worker-5/target:/opt/rustwide/target:rw,Z" "-v" "/var/lib/crater-agent-workspace/builds/worker-5/source:/opt/rustwide/workdir:ro,Z" "-v" "/var/lib/crater-agent-workspace/cargo-home:/opt/rustwide/cargo-home:ro,Z" "-v" "/var/lib/crater-agent-workspace/rustup-home:/opt/rustwide/rustup-home:ro,Z" "-e" "SOURCE_DIR=/opt/rustwide/workdir" "-e" "CARGO_TARGET_DIR=/opt/rustwide/target" "-e" "CARGO_INCREMENTAL=0" "-e" "RUST_BACKTRACE=full" "-e" "RUSTFLAGS=--cap-lints=forbid" "-e" "CARGO_HOME=/opt/rustwide/cargo-home" "-e" "RUSTUP_HOME=/opt/rustwide/rustup-home" "-w" "/opt/rustwide/workdir" "-m" "1610612736" "--user" "0:0" "--network" "none" "ghcr.io/rust-lang/crates-build-env/linux@sha256:20528e8c29e4536546f0102ce88568b16ea7538393a33fcca951030f7af10457" "/opt/rustwide/cargo-home/bin/cargo" "+ff34b919075f35a1787659e9c448a34b06bab8de" "build" "--frozen" "--message-format=json", kill_on_drop: false }`
[INFO] [stderr] WARNING: Your kernel does not support swap limit capabilities or the cgroup is not mounted. Memory limited without swap.
[INFO] [stdout] 72f95933f1a92dee2348790c1ad9121a7a5e7810551d80f0ab3e863fa761d253
[INFO] running `Command { std: "docker" "start" "-a" "72f95933f1a92dee2348790c1ad9121a7a5e7810551d80f0ab3e863fa761d253", kill_on_drop: false }`
[INFO] [stderr] warning: /opt/rustwide/workdir/model/Cargo.toml: unused manifest key: dependencies.rocket_contrib.defaul-features
[INFO] [stderr] warning: /opt/rustwide/workdir/Cargo.toml: unused manifest key: dependencies.rocket_contrib.defaul-features
[INFO] [stderr]    Compiling libc v0.2.71
[INFO] [stderr]    Compiling unicode-xid v0.2.1
[INFO] [stderr]    Compiling syn v1.0.33
[INFO] [stderr]    Compiling version_check v0.9.2
[INFO] [stderr]    Compiling byteorder v1.3.4
[INFO] [stderr]    Compiling bitflags v1.2.1
[INFO] [stderr]    Compiling lazy_static v1.4.0
[INFO] [stderr]    Compiling yansi v0.5.0
[INFO] [stderr]    Compiling fnv v1.0.7
[INFO] [stderr]    Compiling smallvec v1.4.0
[INFO] [stderr]    Compiling base64 v0.12.3
[INFO] [stderr]    Compiling ryu v1.0.5
[INFO] [stderr]    Compiling futures-task v0.3.5
[INFO] [stderr]    Compiling instant v0.1.5
[INFO] [stderr]    Compiling typeable v0.1.2
[INFO] [stderr]    Compiling scopeguard v1.1.0
[INFO] [stderr]    Compiling traitobject v0.1.0
[INFO] [stderr]    Compiling state v0.4.1
[INFO] [stderr]    Compiling lazycell v1.2.1
[INFO] [stderr]    Compiling error-chain v0.10.0
[INFO] [stderr]    Compiling rustc-demangle v0.1.16
[INFO] [stderr]    Compiling view v0.1.0 (/opt/rustwide/workdir/view)
[INFO] [stderr]    Compiling controller v0.1.0 (/opt/rustwide/workdir/controller)
[INFO] [stderr]    Compiling indexmap v1.4.0
[INFO] [stderr]    Compiling openssl-sys v0.9.58
[INFO] [stderr]    Compiling unicase v1.4.2
[INFO] [stderr]    Compiling thread_local v0.3.6
[INFO] [stderr]    Compiling http v0.2.1
[INFO] [stderr]    Compiling addr2line v0.12.2
[INFO] [stderr]    Compiling lock_api v0.4.0
[INFO] [stderr]    Compiling proc-macro2 v1.0.18
[INFO] [stderr]    Compiling log v0.4.8
[INFO] [stderr]    Compiling proc-macro2 v0.4.30
[INFO] [stderr]    Compiling idna v0.1.5
[INFO] [stderr]    Compiling encoding_rs v0.8.23
[INFO] [stderr]    Compiling aho-corasick v0.6.10
[INFO] [stderr]    Compiling url v2.1.1
[INFO] [stderr]    Compiling universal-hash v0.3.0
[INFO] [stderr]    Compiling block-cipher-trait v0.6.2
[INFO] [stderr]    Compiling aead v0.2.0
[INFO] [stderr]    Compiling pear_codegen v0.1.4
[INFO] [stderr]    Compiling unicase v2.6.0
[INFO] [stderr]    Compiling rocket_codegen v0.4.5
[INFO] [stderr]    Compiling rocket v0.4.5
[INFO] [stderr]    Compiling error-chain v0.12.2
[INFO] [stderr]    Compiling hmac v0.7.1
[INFO] [stderr]    Compiling polyval v0.3.3
[INFO] [stderr]    Compiling log v0.3.9
[INFO] [stderr]    Compiling want v0.3.0
[INFO] [stderr]    Compiling regex v0.2.11
[INFO] [stderr]    Compiling quote v1.0.7
[INFO] [stderr]    Compiling quote v0.6.13
[INFO] [stderr]    Compiling hkdf v0.8.0
[INFO] [stderr]    Compiling url v1.7.2
[INFO] [stderr]    Compiling ghash v0.2.3
[INFO] [stderr]    Compiling aes-soft v0.3.3
[INFO] [stderr]    Compiling block-buffer v0.7.3
[INFO] [stderr]    Compiling base64 v0.9.3
[INFO] [stderr]    Compiling diesel v0.16.0
[INFO] [stderr]    Compiling mime v0.2.6
[INFO] [stderr]    Compiling openssl v0.10.30
[INFO] [stderr]    Compiling native-tls v0.2.4
[INFO] [stderr]    Compiling syn v0.15.44
[INFO] [stderr]    Compiling sha2 v0.8.2
[INFO] [stderr]    Compiling aes v0.3.2
[INFO] [stderr]    Compiling aes-gcm v0.5.0
[INFO] [stderr]    Compiling net2 v0.2.34
[INFO] [stderr]    Compiling iovec v0.1.4
[INFO] [stderr]    Compiling num_cpus v1.13.0
[INFO] [stderr]    Compiling time v0.1.43
[INFO] [stderr]    Compiling getrandom v0.1.14
[INFO] [stderr]    Compiling signal-hook-registry v1.2.0
[INFO] [stderr]    Compiling parking_lot_core v0.8.0
[INFO] [stderr]    Compiling socket2 v0.3.12
[INFO] [stderr]    Compiling inotify-sys v0.1.3
[INFO] [stderr]    Compiling atty v0.2.14
[INFO] [stderr]    Compiling filetime v0.2.10
[INFO] [stderr]    Compiling backtrace v0.3.49
[INFO] [stderr]    Compiling mime_guess v2.0.3
[INFO] [stderr]    Compiling dotenv v0.10.1
[INFO] [stderr]    Compiling mio v0.6.22
[INFO] [stderr]    Compiling rand_core v0.5.1
[INFO] [stderr]    Compiling hyper v0.10.16
[INFO] [stderr]    Compiling parking_lot v0.11.0
[INFO] [stderr]    Compiling inotify v0.7.1
[INFO] [stderr]    Compiling http-body v0.3.1
[INFO] [stderr]    Compiling rand_chacha v0.2.2
[INFO] [stderr]    Compiling scheduled-thread-pool v0.2.5
[INFO] [stderr]    Compiling rand v0.7.3
[INFO] [stderr]    Compiling r2d2 v0.8.9
[INFO] [stderr]    Compiling mio-uds v0.6.8
[INFO] [stderr]    Compiling mio-extras v2.0.6
[INFO] [stderr]    Compiling notify v4.0.15
[INFO] [stderr]    Compiling cookie v0.11.3
[INFO] [stderr]    Compiling devise_core v0.2.0
[INFO] [stderr]    Compiling serde_derive v1.0.114
[INFO] [stderr]    Compiling tokio-macros v0.2.5
[INFO] [stderr]    Compiling pin-project-internal v0.4.22
[INFO] [stderr]    Compiling diesel_derives v1.4.1
[INFO] [stderr]    Compiling devise_codegen v0.2.0
[INFO] [stderr]    Compiling tokio v0.2.21
[INFO] [stderr]    Compiling devise v0.2.0
[INFO] [stderr]    Compiling pin-project v0.4.22
[INFO] [stderr]    Compiling futures-util v0.3.5
[INFO] [stderr]    Compiling pear v0.1.4
[INFO] [stderr]    Compiling rocket_http v0.4.5
[INFO] [stderr]    Compiling serde v1.0.114
[INFO] [stderr]    Compiling tokio-util v0.3.1
[INFO] [stderr]    Compiling tokio-tls v0.3.1
[INFO] [stderr]    Compiling diesel v1.4.5
[INFO] [stderr]    Compiling h2 v0.2.5
[INFO] [stderr]    Compiling hyper v0.13.6
[INFO] [stderr]    Compiling serde_json v1.0.56
[INFO] [stderr]    Compiling toml v0.4.10
[INFO] [stderr]    Compiling serde_urlencoded v0.6.1
[INFO] [stderr]    Compiling hyper-tls v0.4.1
[INFO] [stderr]    Compiling diesel_codegen v0.16.1
[INFO] [stderr]    Compiling reqwest v0.10.6
[INFO] [stderr]    Compiling r2d2-diesel v1.0.0
[INFO] [stderr]    Compiling rocket_contrib v0.4.5
[INFO] [stderr]    Compiling model v0.1.0 (/opt/rustwide/workdir/model)
[INFO] [stdout] error: expected `,`, or `}`, found keyword `pub`
[INFO] [stdout]   --> model/src/user.rs:14:24
[INFO] [stdout]    |
[INFO] [stdout] 14 |     pub id: Option<u32>
[INFO] [stdout]    |                        ^ help: try adding a comma: `,`
[INFO] [stdout] 
[INFO] [stdout] 
[INFO] [stdout] error[E0583]: file not found for module `main`
[INFO] [stdout]  --> model/src/lib.rs:7:1
[INFO] [stdout]   |
[INFO] [stdout] 7 | pub mod main;
[INFO] [stdout]   | ^^^^^^^^^^^^^
[INFO] [stdout]   |
[INFO] [stdout]   = help: to create the module `main`, create file "model/src/main.rs" or "model/src/main/mod.rs"
[INFO] [stdout] 
[INFO] [stdout] 
[INFO] [stdout] error: expected `,`
[INFO] [stdout]   --> model/src/user.rs:15:5
[INFO] [stdout]    |
[INFO] [stdout] 15 |     pub name: String,
[INFO] [stdout]    |     ^^^
[INFO] [stdout] 
[INFO] [stdout] 
[INFO] [stdout] error: proc-macro derive panicked
[INFO] [stdout]   --> model/src/user.rs:12:34
[INFO] [stdout]    |
[INFO] [stdout] 12 | #[derive(Serialize, Deserialize, Queryable, Insertable)]
[INFO] [stdout]    |                                  ^^^^^^^^^
[INFO] [stdout]    |
[INFO] [stdout]    = help: message: called `Result::unwrap()` on an `Err` value: Error("expected `,`")
[INFO] [stdout] 
[INFO] [stdout] 
[INFO] [stdout] error: proc-macro derive panicked
[INFO] [stdout]   --> model/src/user.rs:12:45
[INFO] [stdout]    |
[INFO] [stdout] 12 | #[derive(Serialize, Deserialize, Queryable, Insertable)]
[INFO] [stdout]    |                                             ^^^^^^^^^^
[INFO] [stdout]    |
[INFO] [stdout]    = help: message: called `Result::unwrap()` on an `Err` value: Error("expected `,`")
[INFO] [stdout] 
[INFO] [stdout] 
[INFO] [stdout] error[E0432]: unresolved import `diesel::pg`
[INFO] [stdout]  --> model/src/user.rs:4:13
[INFO] [stdout]   |
[INFO] [stdout] 4 | use diesel::pg::PgConnection;
[INFO] [stdout]   |             ^^ could not find `pg` in `diesel`
[INFO] [stdout] 
[INFO] [stdout] 
[INFO] [stdout] error[E0432]: unresolved import `schema`
[INFO] [stdout]  --> model/src/user.rs:5:5
[INFO] [stdout]   |
[INFO] [stdout] 5 | use schema::users;
[INFO] [stdout]   |     ^^^^^^ use of undeclared crate or module `schema`
[INFO] [stdout] 
[INFO] [stdout] 
[INFO] [stdout] warning: derive helper attribute is used before it is introduced
[INFO] [stdout]   --> model/src/user.rs:11:3
[INFO] [stdout]    |
[INFO] [stdout] 11 | #[table_name = "users"]
[INFO] [stdout]    |   ^^^^^^^^^^
[INFO] [stdout] 12 | #[derive(Serialize, Deserialize, Queryable, Insertable)]
[INFO] [stdout]    |                                             ---------- the attribute is introduced here
[INFO] [stdout]    |
[INFO] [stdout]    = note: `#[warn(legacy_derive_helpers)]` on by default
[INFO] [stdout]    = warning: this was previously accepted by the compiler but is being phased out; it will become a hard error in a future release!
[INFO] [stdout]    = note: for more information, see issue #79202 <https://github.com/rust-lang/rust/issues/79202>
[INFO] [stdout] 
[INFO] [stdout] 
[INFO] [stdout] warning: unused `#[macro_use]` import
[INFO] [stdout]  --> model/src/lib.rs:1:1
[INFO] [stdout]   |
[INFO] [stdout] 1 | #[macro_use]
[INFO] [stdout]   | ^^^^^^^^^^^^
[INFO] [stdout]   |
[INFO] [stdout]   = note: `#[warn(unused_imports)]` on by default
[INFO] [stdout] 
[INFO] [stdout] 
[INFO] [stdout] warning: unused import: `diesel::prelude::*`
[INFO] [stdout]  --> model/src/user.rs:3:5
[INFO] [stdout]   |
[INFO] [stdout] 3 | use diesel::prelude::*;
[INFO] [stdout]   |     ^^^^^^^^^^^^^^^^^^
[INFO] [stdout] 
[INFO] [stdout] 
[INFO] [stdout] error: aborting due to 7 previous errors; 3 warnings emitted
[INFO] [stdout] 
[INFO] [stdout] 
[INFO] [stdout] Some errors have detailed explanations: E0432, E0583.
[INFO] [stdout] 
[INFO] [stdout] For more information about an error, try `rustc --explain E0432`.
[INFO] [stdout] 
[INFO] [stderr] error: could not compile `model`
[INFO] [stderr] 
[INFO] [stderr] To learn more, run the command again with --verbose.
[INFO] [stderr] warning: build failed, waiting for other jobs to finish...
[INFO] [stderr] error: build failed
[INFO] running `Command { std: "docker" "inspect" "72f95933f1a92dee2348790c1ad9121a7a5e7810551d80f0ab3e863fa761d253", kill_on_drop: false }`
[INFO] running `Command { std: "docker" "rm" "-f" "72f95933f1a92dee2348790c1ad9121a7a5e7810551d80f0ab3e863fa761d253", kill_on_drop: false }`
[INFO] [stdout] 72f95933f1a92dee2348790c1ad9121a7a5e7810551d80f0ab3e863fa761d253
